{"id":1374,"date":"2025-07-10T15:05:38","date_gmt":"2025-07-10T13:05:38","guid":{"rendered":"https:\/\/zspastviny.cz\/web\/?page_id=1374"},"modified":"2025-07-10T21:03:20","modified_gmt":"2025-07-10T19:03:20","slug":"vedeni-skoly","status":"publish","type":"page","link":"https:\/\/zspastviny.cz\/web\/vedeni-skoly\/","title":{"rendered":"Veden\u00ed \u0161koly"},"content":{"rendered":"\t\t<div data-elementor-type=\"wp-page\" data-elementor-id=\"1374\" class=\"elementor elementor-1374\">\n\t\t\t\t<div class=\"elementor-element elementor-element-4bde2430 e-flex e-con-boxed e-con e-parent\" data-id=\"4bde2430\" data-element_type=\"container\" data-settings=\"{&quot;background_background&quot;:&quot;classic&quot;}\">\n\t\t\t\t\t<div class=\"e-con-inner\">\n\t\t<div class=\"elementor-element elementor-element-5ffd814b e-con-full e-flex e-con e-child\" data-id=\"5ffd814b\" data-element_type=\"container\">\n\t\t\t\t<div class=\"elementor-element elementor-element-463c2779 elementor-widget elementor-widget-heading\" data-id=\"463c2779\" data-element_type=\"widget\" data-widget_type=\"heading.default\">\n\t\t\t\t\t<h1 class=\"elementor-heading-title elementor-size-default\">Veden\u00ed \u0161koly<\/h1>\t\t\t\t<\/div>\n\t\t\t\t<\/div>\n\t\t\t\t\t<\/div>\n\t\t\t\t<\/div>\n\t\t<div class=\"elementor-element elementor-element-6e3be1be e-flex e-con-boxed e-con e-parent\" data-id=\"6e3be1be\" data-element_type=\"container\">\n\t\t\t\t\t<div class=\"e-con-inner\">\n\t\t<div class=\"elementor-element elementor-element-165c2733 e-con-full e-flex e-con e-child\" data-id=\"165c2733\" data-element_type=\"container\">\n\t\t\t\t<div class=\"elementor-element elementor-element-2c683b07 elementor-align-center elementor-widget elementor-widget-button\" data-id=\"2c683b07\" data-element_type=\"widget\" data-widget_type=\"button.default\">\n\t\t\t\t\t\t\t\t\t\t<a class=\"elementor-button elementor-button-link elementor-size-sm\" href=\"https:\/\/zspastviny.cz\/web\/vedeni-skoly\/\">\n\t\t\t\t\t\t<span class=\"elementor-button-content-wrapper\">\n\t\t\t\t\t\t\t\t\t<span class=\"elementor-button-text\">Veden\u00ed \u0161koly<\/span>\n\t\t\t\t\t<\/span>\n\t\t\t\t\t<\/a>\n\t\t\t\t\t\t\t\t<\/div>\n\t\t\t\t<\/div>\n\t\t<div class=\"elementor-element elementor-element-20c9b127 e-con-full e-flex e-con e-child\" data-id=\"20c9b127\" data-element_type=\"container\">\n\t\t\t\t<div class=\"elementor-element elementor-element-2d2efea4 elementor-align-center elementor-widget elementor-widget-button\" data-id=\"2d2efea4\" data-element_type=\"widget\" data-widget_type=\"button.default\">\n\t\t\t\t\t\t\t\t\t\t<a class=\"elementor-button elementor-button-link elementor-size-sm\" href=\"https:\/\/zspastviny.cz\/web\/ucitele-na-1-stupni\/\">\n\t\t\t\t\t\t<span class=\"elementor-button-content-wrapper\">\n\t\t\t\t\t\t\t\t\t<span class=\"elementor-button-text\">U\u010ditel\u00e9 na 1. stupni<\/span>\n\t\t\t\t\t<\/span>\n\t\t\t\t\t<\/a>\n\t\t\t\t\t\t\t\t<\/div>\n\t\t\t\t<\/div>\n\t\t<div class=\"elementor-element elementor-element-153066ce e-con-full e-flex e-con e-child\" data-id=\"153066ce\" data-element_type=\"container\">\n\t\t\t\t<div class=\"elementor-element elementor-element-3319cf93 elementor-align-center elementor-widget elementor-widget-button\" data-id=\"3319cf93\" data-element_type=\"widget\" data-widget_type=\"button.default\">\n\t\t\t\t\t\t\t\t\t\t<a class=\"elementor-button elementor-button-link elementor-size-sm\" href=\"https:\/\/zspastviny.cz\/web\/elementor-stranka-1404\/\">\n\t\t\t\t\t\t<span class=\"elementor-button-content-wrapper\">\n\t\t\t\t\t\t\t\t\t<span class=\"elementor-button-text\">U\u010ditel\u00e9 na 2. stupni<\/span>\n\t\t\t\t\t<\/span>\n\t\t\t\t\t<\/a>\n\t\t\t\t\t\t\t\t<\/div>\n\t\t\t\t<\/div>\n\t\t<div class=\"elementor-element elementor-element-2fda4e42 e-con-full e-flex e-con e-child\" data-id=\"2fda4e42\" data-element_type=\"container\">\n\t\t\t\t<div class=\"elementor-element elementor-element-69b8f91 elementor-align-center elementor-widget elementor-widget-button\" data-id=\"69b8f91\" data-element_type=\"widget\" data-widget_type=\"button.default\">\n\t\t\t\t\t\t\t\t\t\t<a class=\"elementor-button elementor-button-link elementor-size-sm\" href=\"#\">\n\t\t\t\t\t\t<span class=\"elementor-button-content-wrapper\">\n\t\t\t\t\t\t\t\t\t<span class=\"elementor-button-text\">Asistenti<\/span>\n\t\t\t\t\t<\/span>\n\t\t\t\t\t<\/a>\n\t\t\t\t\t\t\t\t<\/div>\n\t\t\t\t<\/div>\n\t\t\t\t\t<\/div>\n\t\t\t\t<\/div>\n\t\t<div class=\"elementor-element elementor-element-fbb3a94 e-flex e-con-boxed e-con e-parent\" data-id=\"fbb3a94\" data-element_type=\"container\">\n\t\t\t\t\t<div class=\"e-con-inner\">\n\t\t\t\t<div class=\"elementor-element elementor-element-538393f elementor-widget elementor-widget-heading\" data-id=\"538393f\" data-element_type=\"widget\" data-widget_type=\"heading.default\">\n\t\t\t\t\t<h2 class=\"elementor-heading-title elementor-size-default\">\u0158editelka \u0161koly<\/h2>\t\t\t\t<\/div>\n\t\t\t\t<div class=\"elementor-element elementor-element-ab9a6a3 elementor-widget elementor-widget-text-editor\" data-id=\"ab9a6a3\" data-element_type=\"widget\" data-widget_type=\"text-editor.default\">\n\t\t\t\t\t\t\t\t\t<p><strong>Mgr. Gabriela Kub\u011bnov\u00e1<\/strong><br \/>tel: 537 026 412, 770 197 379<br \/>mail:\u00a0<a href=\"mailto:kubenova@zspastviny.cz\">kubenova@zspastviny.cz<\/a><\/p>\t\t\t\t\t\t\t\t<\/div>\n\t\t\t\t\t<\/div>\n\t\t\t\t<\/div>\n\t\t<div class=\"elementor-element elementor-element-c6968df e-flex e-con-boxed e-con e-parent\" data-id=\"c6968df\" data-element_type=\"container\">\n\t\t\t\t\t<div class=\"e-con-inner\">\n\t\t<div class=\"elementor-element elementor-element-f9ec729 e-con-full e-flex e-con e-child\" data-id=\"f9ec729\" data-element_type=\"container\">\n\t\t\t\t<div class=\"elementor-element elementor-element-c3fb204 elementor-widget elementor-widget-heading\" data-id=\"c3fb204\" data-element_type=\"widget\" data-widget_type=\"heading.default\">\n\t\t\t\t\t<h3 class=\"elementor-heading-title elementor-size-default\">Z\u00e1stupkyn\u011b \u0159editelky pro 1. stupe\u0148<\/h3>\t\t\t\t<\/div>\n\t\t\t\t<div class=\"elementor-element elementor-element-704858a elementor-widget elementor-widget-text-editor\" data-id=\"704858a\" data-element_type=\"widget\" data-widget_type=\"text-editor.default\">\n\t\t\t\t\t\t\t\t\t<p><strong>Mgr. Lada Vo\u017een\u00edlkov\u00e1 Maz\u00e1lkov\u00e1<\/strong><br \/>tel: 537 026 413, 770 197 380<br \/>mail:\u00a0<a href=\"mailto:mazalkova@zspastviny.cz\">mazalkova@zspastviny.cz<\/a><\/p>\t\t\t\t\t\t\t\t<\/div>\n\t\t\t\t<div class=\"elementor-element elementor-element-c55ee60 elementor-widget elementor-widget-heading\" data-id=\"c55ee60\" data-element_type=\"widget\" data-widget_type=\"heading.default\">\n\t\t\t\t\t<h3 class=\"elementor-heading-title elementor-size-default\">Z\u00e1stupkyn\u011b \u0159editelky pro 2. stupe\u0148<\/h3>\t\t\t\t<\/div>\n\t\t\t\t<div class=\"elementor-element elementor-element-18f9202 elementor-widget elementor-widget-text-editor\" data-id=\"18f9202\" data-element_type=\"widget\" data-widget_type=\"text-editor.default\">\n\t\t\t\t\t\t\t\t\t<p><strong>Mgr. Lada Vo\u017een\u00edlkov\u00e1 Maz\u00e1lkov\u00e1<\/strong><br \/>tel: 537 026 413, 770 197 380<br \/>mail:\u00a0<a href=\"mailto:mazalkova@zspastviny.cz\">mazalkova@zspastviny.cz<\/a><\/p>\t\t\t\t\t\t\t\t<\/div>\n\t\t\t\t<div class=\"elementor-element elementor-element-4aaae56 elementor-widget elementor-widget-heading\" data-id=\"4aaae56\" data-element_type=\"widget\" data-widget_type=\"heading.default\">\n\t\t\t\t\t<h3 class=\"elementor-heading-title elementor-size-default\">Z\u00e1stupkyn\u011b \u0159editelky pro \u0160koln\u00ed poradensk\u00e9 pracovi\u0161t\u011b<\/h3>\t\t\t\t<\/div>\n\t\t\t\t<div class=\"elementor-element elementor-element-0d128f5 elementor-widget elementor-widget-text-editor\" data-id=\"0d128f5\" data-element_type=\"widget\" data-widget_type=\"text-editor.default\">\n\t\t\t\t\t\t\t\t\t<p><strong>RNDr. Renata Z\u00e1vodn\u00e1<\/strong><br \/>tel: 537 026 442, 770 197 381<br \/>mail:\u00a0<a href=\"mailto:zavodna@zspastviny.cz\">zavodna@zspastviny.cz<\/a><\/p>\t\t\t\t\t\t\t\t<\/div>\n\t\t\t\t<div class=\"elementor-element elementor-element-d7f75d4 elementor-widget elementor-widget-heading\" data-id=\"d7f75d4\" data-element_type=\"widget\" data-widget_type=\"heading.default\">\n\t\t\t\t\t<h3 class=\"elementor-heading-title elementor-size-default\">Z\u00e1stupkyn\u011b \u0159editelky pro Montessori pedagogiku<\/h3>\t\t\t\t<\/div>\n\t\t\t\t<div class=\"elementor-element elementor-element-a0c69af elementor-widget elementor-widget-text-editor\" data-id=\"a0c69af\" data-element_type=\"widget\" data-widget_type=\"text-editor.default\">\n\t\t\t\t\t\t\t\t\t<p><strong>Mgr. Martina Bl\u00e1hov\u00e1<\/strong><br \/>tel: 770\u00a0148\u00a0382<br \/>mail:\u00a0<a href=\"mailto:blahova@zspastviny.cz\">blahova@zspastviny.cz<\/a><\/p>\t\t\t\t\t\t\t\t<\/div>\n\t\t\t\t<div class=\"elementor-element elementor-element-b56de77 elementor-widget elementor-widget-heading\" data-id=\"b56de77\" data-element_type=\"widget\" data-widget_type=\"heading.default\">\n\t\t\t\t\t<h3 class=\"elementor-heading-title elementor-size-default\">Z\u00e1stupkyn\u011b \u0159editelky pro p\u0159ed\u0161koln\u00ed vzd\u011bl\u00e1v\u00e1n\u00ed<\/h3>\t\t\t\t<\/div>\n\t\t\t\t<div class=\"elementor-element elementor-element-e42afa9 elementor-widget elementor-widget-text-editor\" data-id=\"e42afa9\" data-element_type=\"widget\" data-widget_type=\"text-editor.default\">\n\t\t\t\t\t\t\t\t\t<p><strong>Andrea \u0160iklarov\u00e1<\/strong><br \/>tel: 734 302 840<br \/>mail:\u00a0<a href=\"mailto:skolka@zspastviny.cz\">skolka@zspastviny.cz<\/a><\/p>\t\t\t\t\t\t\t\t<\/div>\n\t\t\t\t<\/div>\n\t\t<div class=\"elementor-element elementor-element-1e92224 e-con-full e-flex e-con e-child\" data-id=\"1e92224\" data-element_type=\"container\">\n\t\t\t\t<div class=\"elementor-element elementor-element-e66b711 elementor-widget elementor-widget-heading\" data-id=\"e66b711\" data-element_type=\"widget\" data-widget_type=\"heading.default\">\n\t\t\t\t\t<h3 class=\"elementor-heading-title elementor-size-default\">Vedouc\u00ed \u0161koln\u00ed dru\u017eina<\/h3>\t\t\t\t<\/div>\n\t\t\t\t<div class=\"elementor-element elementor-element-8529951 elementor-widget elementor-widget-text-editor\" data-id=\"8529951\" data-element_type=\"widget\" data-widget_type=\"text-editor.default\">\n\t\t\t\t\t\t\t\t\t<p><strong>Ing. Petra Hanzalov\u00e1<\/strong>\u00a0<br \/>tel: 537 026 427<br \/>mail:\u00a0<a href=\"mailto:hanzalova@zspastviny.cz\">hanzalova@zspastviny.cz<\/a><\/p>\t\t\t\t\t\t\t\t<\/div>\n\t\t\t\t<div class=\"elementor-element elementor-element-9d2b0a3 elementor-widget elementor-widget-heading\" data-id=\"9d2b0a3\" data-element_type=\"widget\" data-widget_type=\"heading.default\">\n\t\t\t\t\t<h3 class=\"elementor-heading-title elementor-size-default\">Kancel\u00e1\u0159 \u0161koly<\/h3>\t\t\t\t<\/div>\n\t\t\t\t<div class=\"elementor-element elementor-element-a56b496 elementor-widget elementor-widget-text-editor\" data-id=\"a56b496\" data-element_type=\"widget\" data-widget_type=\"text-editor.default\">\n\t\t\t\t\t\t\t\t\t<p><strong>Simona Valov\u00e1\u00a0<\/strong>\u2013 sekret\u00e1\u0159ka<br \/>tel: 541 223 119<br \/>mail:\u00a0<a href=\"mailto:sekretarka@zspastviny.cz\">sekretarka@zspastviny.cz<\/a><\/p><p><strong>Jana Ber\u00e1nkov\u00e1<\/strong>\u00a0\u2013 hlavn\u00ed \u00fa\u010detn\u00ed<br \/>tel: 537 026 419<br \/>mail:\u00a0<a href=\"mailto:stranska@zspastviny.cz\">berankova@zspastviny.cz<\/a>,\u00a0<a href=\"mailto:ucetni@zspastviny.cz\">ucetni@zspastviny.cz<\/a><\/p>\t\t\t\t\t\t\t\t<\/div>\n\t\t\t\t<div class=\"elementor-element elementor-element-e095311 elementor-widget elementor-widget-heading\" data-id=\"e095311\" data-element_type=\"widget\" data-widget_type=\"heading.default\">\n\t\t\t\t\t<h3 class=\"elementor-heading-title elementor-size-default\">\u0160koln\u00ed kuchyn\u011b<\/h3>\t\t\t\t<\/div>\n\t\t\t\t<div class=\"elementor-element elementor-element-2d6c4ef elementor-widget elementor-widget-text-editor\" data-id=\"2d6c4ef\" data-element_type=\"widget\" data-widget_type=\"text-editor.default\">\n\t\t\t\t\t\t\t\t\t<p><strong>Magda Charv\u00e1tov\u00e1<\/strong>\u00a0\u2013 vedouc\u00ed kuchyn\u011b<br \/>tel: 777\u00a0481\u00a0137<br \/>mail:\u00a0<a href=\"mailto:kuchyne@zspastviny.cz\">kuchyne@zspastviny.cz<\/a><\/p>\t\t\t\t\t\t\t\t<\/div>\n\t\t\t\t<div class=\"elementor-element elementor-element-af862ea elementor-widget elementor-widget-heading\" data-id=\"af862ea\" data-element_type=\"widget\" data-widget_type=\"heading.default\">\n\t\t\t\t\t<h3 class=\"elementor-heading-title elementor-size-default\">Zaji\u0161\u0165ov\u00e1n\u00ed pron\u00e1jm\u016f, vr\u00e1tnice<\/h3>\t\t\t\t<\/div>\n\t\t\t\t<div class=\"elementor-element elementor-element-c1e6fd6 elementor-widget elementor-widget-text-editor\" data-id=\"c1e6fd6\" data-element_type=\"widget\" data-widget_type=\"text-editor.default\">\n\t\t\t\t\t\t\t\t\t<p><strong>Renata \u017di\u017ekov\u00e1\u00a0<\/strong>\u2013 administrativn\u00ed pracovnice<br \/>tel: 537 026 420<br \/>mail:\u00a0<a href=\"mailto:pronajmy@zspastviny.cz\">pronajmy@zspastviny.cz<\/a><\/p><p><strong>Iva Petr\u00e1\u0161ov\u00e1 <\/strong>&#8211; vr\u00e1tnice<strong><br \/><\/strong>tel: 537 026 420<strong><br \/><\/strong>mail:\u00a0<a href=\"mailto:petrasova@zspastviny.cz\">petrasova@zspastviny.cz<\/a><\/p>\t\t\t\t\t\t\t\t<\/div>\n\t\t\t\t<\/div>\n\t\t\t\t\t<\/div>\n\t\t\t\t<\/div>\n\t\t\t\t<\/div>\n\t\t","protected":false},"excerpt":{"rendered":"<p>Veden\u00ed \u0161koly Veden\u00ed \u0161koly U\u010ditel\u00e9 na 1. stupni U\u010ditel\u00e9 na 2. stupni Asistenti \u0158editelka \u0161koly Mgr. Gabriela Kub\u011bnov\u00e1tel: 537 026 412, 770 197 379mail:\u00a0kubenova@zspastviny.cz Z\u00e1stupkyn\u011b \u0159editelky pro 1. stupe\u0148 Mgr. Lada Vo\u017een\u00edlkov\u00e1 Maz\u00e1lkov\u00e1tel: 537 026 413, 770 197 380mail:\u00a0mazalkova@zspastviny.cz Z\u00e1stupkyn\u011b \u0159editelky pro 2. stupe\u0148 Mgr. Lada Vo\u017een\u00edlkov\u00e1 Maz\u00e1lkov\u00e1tel: 537 026 413, 770 197 380mail:\u00a0mazalkova@zspastviny.cz Z\u00e1stupkyn\u011b [&hellip;]<\/p>\n","protected":false},"author":1,"featured_media":0,"parent":0,"menu_order":0,"comment_status":"closed","ping_status":"closed","template":"","meta":{"site-sidebar-layout":"no-sidebar","site-content-layout":"page-builder","ast-site-content-layout":"full-width-container","site-content-style":"default","site-sidebar-style":"default","ast-global-header-display":"","ast-banner-title-visibility":"","ast-main-header-display":"","ast-hfb-above-header-display":"","ast-hfb-below-header-display":"","ast-hfb-mobile-header-display":"","site-post-title":"disabled","ast-breadcrumbs-content":"","ast-featured-img":"disabled","footer-sml-layout":"","theme-transparent-header-meta":"","adv-header-id-meta":"","stick-header-meta":"","header-above-stick-meta":"","header-main-stick-meta":"","header-below-stick-meta":"","astra-migrate-meta-layouts":"default","ast-page-background-enabled":"default","ast-page-background-meta":{"desktop":{"background-color":"","background-image":"","background-repeat":"repeat","background-position":"center center","background-size":"auto","background-attachment":"scroll","background-type":"","background-media":"","overlay-type":"","overlay-color":"","overlay-opacity":"","overlay-gradient":""},"tablet":{"background-color":"","background-image":"","background-repeat":"repeat","background-position":"center center","background-size":"auto","background-attachment":"scroll","background-type":"","background-media":"","overlay-type":"","overlay-color":"","overlay-opacity":"","overlay-gradient":""},"mobile":{"background-color":"","background-image":"","background-repeat":"repeat","background-position":"center center","background-size":"auto","background-attachment":"scroll","background-type":"","background-media":"","overlay-type":"","overlay-color":"","overlay-opacity":"","overlay-gradient":""}},"ast-content-background-meta":{"desktop":{"background-color":"var(--ast-global-color-5)","background-image":"","background-repeat":"repeat","background-position":"center center","background-size":"auto","background-attachment":"scroll","background-type":"","background-media":"","overlay-type":"","overlay-color":"","overlay-opacity":"","overlay-gradient":""},"tablet":{"background-color":"var(--ast-global-color-5)","background-image":"","background-repeat":"repeat","background-position":"center center","background-size":"auto","background-attachment":"scroll","background-type":"","background-media":"","overlay-type":"","overlay-color":"","overlay-opacity":"","overlay-gradient":""},"mobile":{"background-color":"var(--ast-global-color-5)","background-image":"","background-repeat":"repeat","background-position":"center center","background-size":"auto","background-attachment":"scroll","background-type":"","background-media":"","overlay-type":"","overlay-color":"","overlay-opacity":"","overlay-gradient":""}},"footnotes":""},"class_list":["post-1374","page","type-page","status-publish","hentry"],"_links":{"self":[{"href":"https:\/\/zspastviny.cz\/web\/wp-json\/wp\/v2\/pages\/1374","targetHints":{"allow":["GET"]}}],"collection":[{"href":"https:\/\/zspastviny.cz\/web\/wp-json\/wp\/v2\/pages"}],"about":[{"href":"https:\/\/zspastviny.cz\/web\/wp-json\/wp\/v2\/types\/page"}],"author":[{"embeddable":true,"href":"https:\/\/zspastviny.cz\/web\/wp-json\/wp\/v2\/users\/1"}],"replies":[{"embeddable":true,"href":"https:\/\/zspastviny.cz\/web\/wp-json\/wp\/v2\/comments?post=1374"}],"version-history":[{"count":16,"href":"https:\/\/zspastviny.cz\/web\/wp-json\/wp\/v2\/pages\/1374\/revisions"}],"predecessor-version":[{"id":1529,"href":"https:\/\/zspastviny.cz\/web\/wp-json\/wp\/v2\/pages\/1374\/revisions\/1529"}],"wp:attachment":[{"href":"https:\/\/zspastviny.cz\/web\/wp-json\/wp\/v2\/media?parent=1374"}],"curies":[{"name":"wp","href":"https:\/\/api.w.org\/{rel}","templated":true}]}}